
Suppose 19*i + 340 = 23*i. Does 17 divide i?
True
Let c be (1/(-2))/((-4)/464). Suppose -3*m + 12 = 3, -4*m = -2*n + c. Is 15 a factor of n?
False
Is 11 a factor of 14/77 + 722/22?
True
Let n(v) = -v**2 + 6*v + 1. Let t be n(5). Let z = -105 + 129. Suppose -t = -5*r + z. Is r a multiple of 6?
True
Let c(n) = 4*n + 3. Let m be c(-6). Let d = m - -46. Is d a multiple of 11?
False
Let i(j) = 7*j**2 - j - 11. Does 11 divide i(-3)?
True
Let s = 155 + 15. Does 17 divide s?
True
Suppose -83 = -4*y + 21. Is 13 a factor of y?
True
Let m(o) = -o**2 + 10*o - 2. Let z be m(10). Let t be (z/(-4))/((-2)/8). Does 9 divide ((-1)/((-2)/(-36)))/t?
True
Let q = 649 + -374. Is q a multiple of 48?
False
Let l(n) = -3*n**2 - 2*n + 0 - 3*n + 4 + 2*n**2. Let d(k) = -k**2 - 9*k + 7. Let j(o) = 3*d(o) - 5*l(o). Does 4 divide j(-2)?
False
Let f(c) be the third derivative of c**5/60 + c**4/8 + c**3 - 3*c**2. Let g be f(-6). Suppose -g - 18 = -3*o - 3*p, 36 = 2*o + 4*p. Is 6 a factor of o?
False
Is 7 a factor of (-123)/(-7) + (-8)/14?
False
Let f(c) = -c**2 - 5*c. Let s(l) = -l - 1. Suppose 0 = -5*a + 21 - 6. Let h be s(a). Is 3 a factor of f(h)?
False
Suppose -768 = -24*i + 20*i. Does 25 divide i?
False
Let q be (519/(-1))/((-3)/(-2)). Is 13 a factor of (-12)/(-30) - q/10?
False
Let z(d) = d**2 - 5*d + 4. Let x be z(5). Let y(i) = 2*i**2 - 6*i - 3. Let o be y(5). Suppose -3 = -x*c + o. Does 5 divide c?
True
Let f(t) = -t**2 + 8*t - 1. Does 3 divide f(4)?
True
Let a(x) = x**3 + 9*x**2 + x + 12. Suppose -3*r + 59 = 4*w, -2*w = 2*w - 3*r - 53. Let q = 5 - w. Is a(q) a multiple of 3?
True
Let w(f) = f**3 - 5*f**2 - 13*f + 20. Is w(7) a multiple of 9?
True
Suppose j - 37 = 13. Let b be 1/((-18)/10 - -2). Suppose 4*p - 5*s - 125 = 0, -3*p - b*s + j = -0*p. Is p a multiple of 13?
False
Let v(d) = 2*d**2 + 5*d + 6. Let q be v(-5). Suppose 0 = -2*p + 2*f + q + 15, 0 = 2*f - 4. Suppose 0 = k - 4*r - 62, -2*k + p = -r - 64. Is k a multiple of 23?
False
Let p = 11 - 8. Suppose -p*b - c - 4*c = -221, 0 = -4*b - 5*c + 293. Is b a multiple of 24?
True
Let a(y) = 8*y**3 + 3*y**2 - y + 3. Is 8 a factor of a(2)?
False
Suppose -94 = -4*n + v, -4*n + 4*v + 40 = -48. Suppose 2*f - n = -0*f. Does 4 divide f?
True
Let j = 30 + -8. Does 11 divide j?
True
Let o be (-3)/2*(-2 - -4). Let r(g) = 3*g**2 + 3*g - 3. Is 5 a factor of r(o)?
True
Let r be (-3)/(-12) - 19/(-4). Suppose 5*s - 52 = -3*y + 40, 176 = r*y - 3*s. Is y a multiple of 17?
True
Suppose 0*d + 4 = 2*d. Suppose -5*m + 8 = -d*y + 3*y, 2*m - 109 = -5*y. Does 18 divide y?
False
Suppose 22 + 12 = d. Is 14 a factor of d?
False
Let p be 1/4 + 28/16. Suppose p*i = 2*x + 136, 5*i - 3*x = 6*i - 52. Suppose 0 = -3*y - y + i. Does 8 divide y?
True
Suppose -12*o = -11*o - 90. Is 18 a factor of o?
True
Let l(z) = z**2 - 8*z - 5. Does 27 divide l(-5)?
False
Suppose 0 = -0*u + 5*u. Let g = 5 - u. Suppose -5*x + 27 = -2*z + 3*z, g*x + 3*z = 31. Does 5 divide x?
True
Let g(c) = 3*c + 4. Does 18 divide g(13)?
False
Let c = 4 - -5. Suppose -7 = 4*n + c. Is 16 a factor of n*(-6 + 1 + 1)?
True
Suppose 0*y = -3*y - 6. Let j(n) = -n**3. Is j(y) a multiple of 8?
True
Let n(q) be the third derivative of q**5/60 - 7*q**4/12 - 5*q**3/2 + 3*q**2. Let g be n(14). Does 19 divide (-55)/g*(15 + 0)?
False
Let m(s) be the third derivative of s**5/60 - s**4/3 + 5*s**3/6 - 3*s**2. Is m(10) a multiple of 10?
False
Let f(a) = 20*a - 13. Does 6 divide f(5)?
False
Suppose -4*i + 307 - 35 = 0. Let b = i - 35. Let z = b - 13. Is 14 a factor of z?
False
Let v(t) = -3*t - 8. Is v(-13) a multiple of 5?
False
Suppose -3*k - k = -2*o - 10, 30 = 3*o + 3*k. Does 2 divide o?
False
Suppose -2*x + q = 6*q + 13, -3*q + 17 = -5*x. Let b = 25 + -17. Is x/(b/(-66)) - 2 a multiple of 13?
False
Suppose 0 = w - 3. Suppose -w*b + c - 20 = 0, -5*b + c = -c + 32. Is (-2)/b + 141/12 a multiple of 6?
True
Suppose 5*l - 564 = 4*t - 7*t, 432 = 4*l - 4*t. Let v = l + -71. Is v a multiple of 30?
False
Suppose 0 = -8*x + 4*x - 20. Let o = x - -64. Is o a multiple of 25?
False
Suppose d - 5*d + p + 6 = 0, -2*d - 3*p = -10. Let a be -2 + (0 - (-26 + d)). Is 11 a factor of (-4 + -2)*a/(-6)?
True
Let h(y) = 6*y**2 - 20*y. Does 32 divide h(6)?
True
Let b = 0 - 1. Let p be (0 - b)*90/5. Is 9 a factor of p*(3 + -2) + 0?
True
Let z(y) be the third derivative of 7*y**4/24 + 4*y**3/3 - 3*y**2. Is 19 a factor of z(7)?
True
Is 16 a factor of (-6)/(-9) + 1634/6?
False
Suppose -4*z = -5*a + 7, -4*a + 1 = z - 13. Suppose 0 = 2*c - a*c + 36. Is 18 a factor of c?
True
Let z(o) = 3*o**2 + 9*o - 8. Does 16 divide z(-8)?
True
Let n be 15/4 + (-27)/36. Suppose -s = -5*a - 4*s + 62, a - 10 = -n*s. Does 12 divide a?
False
Suppose n = -11 + 13. Is n a multiple of 2?
True
Suppose r = -14 + 35. Is r a multiple of 6?
False
Suppose -6*k = -1280 - 82. Is 25 a factor of k?
False
Let x = 106 - -20. Suppose 5*d - x - 74 = 0. Is d a multiple of 11?
False
Suppose g = j + 55, 3*j + 7 - 1 = 0. Is 5 a factor of g?
False
Suppose 2*w + 52 = 2*p + 5*w, 2*p = -4*w + 50. Let y be 2 - (-6 - -1)*1. Suppose 5*j = -2*n + p, n - y - 15 = -j. Is 11 a factor of n?
False
Suppose -3*z = n + 93, 4*z + 3*n + 175 - 46 = 0. Suppose 0 = -x + 2*x + 12. Let g = x - z. Does 12 divide g?
False
Let h(u) = u**3 + 5*u**2 - 5*u + 7. Let v be h(-6). Let f = -15 - 0. Is v/((f/(-18))/5) a multiple of 3?
True
Suppose 33*f = 32*f + 14. Is f a multiple of 7?
True
Suppose 12*w = 16*w + 12. Does 10 divide 1 + 13 + (w - 1)?
True
Let s(d) be the first derivative of -9*d**2/2 - 2*d + 3. Is 13 a factor of s(-3)?
False
Is 35 a factor of -3*(-4 - 56/(-12))*-175?
True
Let i = -12 - -46. Suppose -i = -3*z + z. Is z a multiple of 17?
True
Suppose -o + 0*f = -f - 14, 0 = 3*f - 9. Suppose 9 = -2*n - n. Let s = o + n. Is 5 a factor of s?
False
Suppose -1313 = -12*m - m. Is m a multiple of 46?
False
Let v be (18/4 - 4)*12. Suppose 0 = -u + 5 + v. Is u a multiple of 7?
False
Suppose 2*s = -z - 0*z + 5, -5*z + s + 3 = 0. Does 3 divide z/(0 - -1)*11?
False
Does 7 divide (3/(-2))/(1/(84/(-9)))?
True
Suppose -p - 3*p - w = -28, -60 = -5*p + 5*w. Is p a multiple of 2?
True
Let h = -172 - -67. Let q be ((-146)/(-6))/(2/(-6)). Let y = q - h. Is 11 a factor of y?
False
Let r be (-6)/(-27) + (-7)/(-9). Does 14 divide 15 - r - 0/1?
True
Suppose 10*t - 4*t = 714. Is t a multiple of 28?
False
Suppose -4*c - s - 2*s = -77, 4*s = 3*c - 89. Is 5 a factor of c?
False
Let b be -1 - 2/4*6. Is 6 a factor of -18*3/(18/b)?
True
Let w be 33/9 - (-4)/(-6). Let s(k) = -k**2 - 3*k - k**2 + w*k**2. Is 8 a factor of s(6)?
False
Let d = 7 + -6. Let j(a) = 3*a**2 - 1. Let w be j(d). Suppose w*r + 4*f + 2 = 0, -r - 19 = -6*r - 2*f. Is 4 a factor of r?
False
Let u(t) = 3*t + 4. Let d be u(-5). Let w be (-1 - d/3)*3. Does 10 divide (-1 + 9)/(w/20)?
True
Let t(r) = r**2 + r. Suppose -4*v + 10 = -4*h - 2, 3*v - 3 = h. Let o be t(v). Suppose o = -0*c + 5*c - 150. Does 12 divide c?
False
Let x = 6 - 7. Does 3 divide x/((-4)/(-56)*-1)?
False
Let o be (0 - 28)*4/8. Does 8 divide (-1 - 0) + o/(-1)?
False
Let n(a) = -23*a**2 - a + 3. Let s(g) = 8*g**2 - 1. Let l(k) = -6*n(k) - 17*s(k). Let q be l(-6). Let i = -21 + q. Is 5 a factor of i?
False
Suppose -30 = a + 4*a. Is (612/(-24))/(a/16) a multiple of 13?
False
Let o be (-44)/(-16) + 2/8. Suppose 2*b + 0*b = o*u + 31, -4*b - 2*u = -70. Does 17 divide b?
True
Suppose 15*w - 14*w - 105 = 0. Is 18 a factor of w?
False
Let o(u) = 2*u - 2. Let z(r) = 6*r - 3. Let w be z(2). Let v be o(w). Is 9 a factor of (15/2)/(12/v)?
False
Suppose -2*w + 273 = -3*j, w + 5*j - 557 = -3*w. Is 23 a factor of w?
True
Does 13 divide ((-650)/39)/((0 + 1)/(-6))?
False
Let t be ((-17)/(-3))/(2/(-6)). Let p = 38 + t. Let y = p - 15. Is y a multiple of 3?
True
Let d(p) = -p**2 + 4*p - 5. Suppose 0 = -4*o - 2 + 18. Let q be d(o). Let w(b) = 3*b**2 + 6*b - 6. Is 13 a factor of w(q)?
True
Suppose -3*i + 0 + 3 = 0. Suppose -y = -2*y - 3, -2*g - i = 3*y. Is g even?
True
Let y(g) = 106 - g + g**2 - g**2 - g**3. Let t be y(0). Let c = t - 76. Is 17 a factor of c?
False
Let r = -5 - -2. Is (378/(-24))/(r/8) a multiple of 14?
True
Let k be (-11)/(-22)*0/2. Suppose -p + 84 = s - 2*p, k = 4*s - 3*p - 333. Does 27 divide s?
True
Suppose 2*f + 7 = 27. Let i = f - 6. Suppose 0 = -2*g - 5*s + 17, -i*g + 5*g = 5*s